{"id":278,"date":"2023-12-31T17:28:08","date_gmt":"2023-12-31T16:28:08","guid":{"rendered":"https:\/\/dboulmier.ddns.net\/eveil\/?page_id=278"},"modified":"2025-03-19T17:35:06","modified_gmt":"2025-03-19T16:35:06","slug":"udhyana","status":"publish","type":"page","link":"https:\/\/eveilpourpre.ovh\/index.php\/udhyana\/","title":{"rendered":"Udhy\u00e2na"},"content":{"rendered":"\r\n<h1 class=\"wp-block-heading has-text-align-center\" style=\"text-align: center;\">Udhy\u00e2na<\/h1>\r\n\r\n\r\n\r\n<h2 class=\"wp-block-heading has-text-align-center\" style=\"text-align: center;\"><strong>Philosophie de Sagesse et de Paix<br \/>Ethique et\u00a0 Libert\u00e9<br \/>Maitrise et Cr\u00e9ativit\u00e9<\/strong><\/h2>\r\n\r\n\r\n\r\n<p class=\"has-text-align-center\" style=\"text-align: center;\"><strong>Tao\u00efsme &#8211; Zen Ja\u00efnisme &#8211; Samkhya<\/strong><br \/><strong>Eveil de Conscience<\/strong><\/p>\r\n\r\n\r\n\r\n<p class=\"has-text-align-center\" style=\"text-align: center;\"><strong>Pratiques Traditionnelles \u00ab\u00a0Corps &#8211; Esprit\u00a0\u00bb<br \/>Voie d&rsquo;Harmonie et d&rsquo;Accomplissement<br \/>&lsquo; \u0152il &lsquo; de la Connaissance<\/strong><\/p>\r\n\r\n\r\n\r\n<p class=\"has-text-align-center\" style=\"text-align: center;\"><strong>L&rsquo;Harmonie Spirituelle situe le C\u0153ur et l&rsquo;Esprit dans<br \/>La Voie &#8211; Le Tao &#8211; celle de la Nature.<\/strong><\/p>\r\n\r\n\r\n\r\n<p class=\"has-text-align-center\" style=\"text-align: center;\"><strong>Retour \u00e0 l&rsquo;authenticit\u00e9 primordiale :<br \/>l&rsquo;\u00eatre ainsi lib\u00e9r\u00e9 peut vivre la communion extatique et mystique<br \/>avec les forces et vibrations cosmiques.<br \/>Dans la joie, le respect et l&rsquo;amour du Monde.<\/strong><\/p>\r\n\r\n\r\n<div class=\"wp-block-image\">\r\n<figure class=\"aligncenter\"><a href=\"https:\/\/www.eveilpourpre.ovh\/wp-content\/uploads\/meditative-mind.jpg\" target=\"_blank\" rel=\"noreferrer noopener\"><img decoding=\"async\" class=\"wp-image-304 aligncenter\" src=\"https:\/\/www.eveilpourpre.ovh\/wp-content\/uploads\/meditative-mind-300x300.jpg\" alt=\"meditative\" \/><\/a><\/figure>\r\n<\/div>\r\n\r\n\r\n<h2 class=\"wp-block-heading has-text-align-center\" style=\"text-align: center;\"><strong>D\u00e9roulement :<\/strong><\/h2>\r\n\r\n\r\n\r\n<p class=\"has-text-align-center\" style=\"text-align: center;\"><strong>Salutation Cosmologique<br \/>Rituel de l&rsquo;Oracle<br \/>Souffle Vital Primordial<br \/>Combinaisons Posturales du Ternaire :<br \/>&lsquo; Terre &#8211; Ciel -Humain &lsquo;<\/strong><br \/><strong>Equilibre Corporel Yin &#8211; Yang et Purification<br \/>Chants Sacr\u00e9s et Bols Tib\u00e9tains<br \/>Parole de Lumi\u00e8re et &lsquo; Fleurs Chakras &lsquo;<br \/>Contemplation et M\u00e9ditation Chamanique<\/strong><\/p>\r\n\r\n\r\n\r\n<h2 class=\"wp-block-heading has-text-align-center\" style=\"text-align: center;\"><strong>Diane\u00a0 \u00a006.29.42.41.72<\/strong><\/h2>\r\n\r\n\r\n\r\n<p class=\"has-text-align-center\" style=\"text-align: center;\"><strong>Lundi Soir : 18 h 30 \/ 20 h 30<br \/>Salle &lsquo; Carsoule &lsquo; de Montussan<\/strong><\/p>\r\n\r\n\r\n\r\n<p class=\"has-text-align-center\" style=\"text-align: center;\"><strong>Porter : une Tenue souple et confortable<br \/>Tapis &#8211; Coussin &#8211; Plaid &#8211; Boisson Di\u00e9t\u00e9tique<br \/>Huiles essentielles<\/strong><\/p>\r\n","protected":false},"excerpt":{"rendered":"<p>Udhy\u00e2na Philosophie de Sagesse et de PaixEthique et\u00a0 Libert\u00e9Maitrise et Cr\u00e9ativit\u00e9 Tao\u00efsme &#8211; Zen Ja\u00efnisme &#8211; SamkhyaEveil de Conscience Pratiques Traditionnelles \u00ab\u00a0Corps &#8211; Esprit\u00a0\u00bbVoie d&rsquo;Harmonie et d&rsquo;Accomplissement&lsquo; \u0152il &lsquo; de la Connaissance L&rsquo;Harmonie Spirituelle situe le C\u0153ur et l&rsquo;Esprit dansLa Voie &#8211; Le Tao &#8211; celle de la Nature. Retour \u00e0 l&rsquo;authenticit\u00e9 primordiale :l&rsquo;\u00eatre ainsi [&hellip;]<\/p>\n","protected":false},"author":2,"featured_media":0,"parent":0,"menu_order":0,"comment_status":"closed","ping_status":"closed","template":"prod_page_d_e_base.php","meta":{"om_disable_all_campaigns":false,"_monsterinsights_skip_tracking":false,"_monsterinsights_sitenote_active":false,"_monsterinsights_sitenote_note":"","_monsterinsights_sitenote_category":0,"footnotes":""},"class_list":["post-278","page","type-page","status-publish","hentry"],"aioseo_notices":[],"_links":{"self":[{"href":"https:\/\/eveilpourpre.ovh\/index.php\/wp-json\/wp\/v2\/pages\/278","targetHints":{"allow":["GET"]}}],"collection":[{"href":"https:\/\/eveilpourpre.ovh\/index.php\/wp-json\/wp\/v2\/pages"}],"about":[{"href":"https:\/\/eveilpourpre.ovh\/index.php\/wp-json\/wp\/v2\/types\/page"}],"author":[{"embeddable":true,"href":"https:\/\/eveilpourpre.ovh\/index.php\/wp-json\/wp\/v2\/users\/2"}],"replies":[{"embeddable":true,"href":"https:\/\/eveilpourpre.ovh\/index.php\/wp-json\/wp\/v2\/comments?post=278"}],"version-history":[{"count":2,"href":"https:\/\/eveilpourpre.ovh\/index.php\/wp-json\/wp\/v2\/pages\/278\/revisions"}],"predecessor-version":[{"id":303,"href":"https:\/\/eveilpourpre.ovh\/index.php\/wp-json\/wp\/v2\/pages\/278\/revisions\/303"}],"wp:attachment":[{"href":"https:\/\/eveilpourpre.ovh\/index.php\/wp-json\/wp\/v2\/media?parent=278"}],"curies":[{"name":"wp","href":"https:\/\/api.w.org\/{rel}","templated":true}]}}

Udhyâna

<h1 class="wp-block-heading has-text-align-center" style="text-align: center;">Udhyâna</h1>



<h2 class="wp-block-heading has-text-align-center" style="text-align: center;"><strong>Philosophie de Sagesse et de Paix<br />Ethique et  Liberté<br />Maitrise et Créativité</strong></h2>



<p class="has-text-align-center" style="text-align: center;"><strong>Taoïsme &#8211; Zen Jaïnisme &#8211; Samkhya</strong><br /><strong>Eveil de Conscience</strong></p>



<p class="has-text-align-center" style="text-align: center;"><strong>Pratiques Traditionnelles « Corps &#8211; Esprit »<br />Voie d&rsquo;Harmonie et d&rsquo;Accomplissement<br />&lsquo; Œil &lsquo; de la Connaissance</strong></p>



<p class="has-text-align-center" style="text-align: center;"><strong>L&rsquo;Harmonie Spirituelle situe le Cœur et l&rsquo;Esprit dans<br />La Voie &#8211; Le Tao &#8211; celle de la Nature.</strong></p>



<p class="has-text-align-center" style="text-align: center;"><strong>Retour à l&rsquo;authenticité primordiale :<br />l&rsquo;être ainsi libéré peut vivre la communion extatique et mystique<br />avec les forces et vibrations cosmiques.<br />Dans la joie, le respect et l&rsquo;amour du Monde.</strong></p>


<div class="wp-block-image">
<figure class="aligncenter"><a href="https://www.eveilpourpre.ovh/wp-content/uploads/meditative-mind.jpg" target="_blank" rel="noreferrer noopener"><img decoding="async" class="wp-image-304 aligncenter" src="https://www.eveilpourpre.ovh/wp-content/uploads/meditative-mind-300x300.jpg" alt="meditative" /></a></figure>
</div>


<h2 class="wp-block-heading has-text-align-center" style="text-align: center;"><strong>Déroulement :</strong></h2>



<p class="has-text-align-center" style="text-align: center;"><strong>Salutation Cosmologique<br />Rituel de l&rsquo;Oracle<br />Souffle Vital Primordial<br />Combinaisons Posturales du Ternaire :<br />&lsquo; Terre &#8211; Ciel -Humain &lsquo;</strong><br /><strong>Equilibre Corporel Yin &#8211; Yang et Purification<br />Chants Sacrés et Bols Tibétains<br />Parole de Lumière et &lsquo; Fleurs Chakras &lsquo;<br />Contemplation et Méditation Chamanique</strong></p>



<h2 class="wp-block-heading has-text-align-center" style="text-align: center;"><strong>Diane   06.29.42.41.72</strong></h2>



<p class="has-text-align-center" style="text-align: center;"><strong>Lundi Soir : 18 h 30 / 20 h 30<br />Salle &lsquo; Carsoule &lsquo; de Montussan</strong></p>



<p class="has-text-align-center" style="text-align: center;"><strong>Porter : une Tenue souple et confortable<br />Tapis &#8211; Coussin &#8211; Plaid &#8211; Boisson Diététique<br />Huiles essentielles</strong></p>

<p>Udhyâna Philosophie de Sagesse et de PaixEthique et  LibertéMaitrise et Créativité Taoïsme &#8211; Zen Jaïnisme &#8211; SamkhyaEveil de Conscience Pratiques Traditionnelles « Corps &#8211; Esprit »Voie d&rsquo;Harmonie et d&rsquo;Accomplissement&lsquo; Œil &lsquo; de la Connaissance L&rsquo;Harmonie Spirituelle situe le Cœur et l&rsquo;Esprit dansLa Voie &#8211; Le Tao &#8211; celle de la Nature. Retour à l&rsquo;authenticité primordiale :l&rsquo;être ainsi [&hellip;]</p>
