{"id":229,"date":"2014-10-29T11:58:29","date_gmt":"2014-10-29T10:58:29","guid":{"rendered":"http:\/\/www.eveilpourpre.org\/?page_id=5"},"modified":"2025-03-19T17:30:02","modified_gmt":"2025-03-19T16:30:02","slug":"lassociation","status":"publish","type":"page","link":"https:\/\/eveilpourpre.ovh\/","title":{"rendered":"L&rsquo;association"},"content":{"rendered":"<h2 style=\"padding-left: 30px;\"><strong><img loading=\"lazy\" decoding=\"async\" class=\"aligncenter wp-image-127\" src=\"http:\/\/www.eveilpourpre.ovh\/wp-content\/uploads\/f\u00e9e_offrande_sylvestre-300x225.jpg\" alt=\"fee_offrande_sylvestre\" width=\"437\" height=\"328\" \/><\/strong><\/h2>\n<h2 style=\"padding-left: 30px;\"><\/h2>\n<h2 style=\"padding-left: 30px;\"><\/h2>\n<h2 style=\"padding-left: 30px;\"><strong>E&#8230;nergie<\/strong> <a href=\"https:\/\/eveilpourpre.ovh\/wp-content\/uploads\/2016\/04\/fee-2.jpg\"><img loading=\"lazy\" decoding=\"async\" class=\"alignright wp-image-89\" src=\"https:\/\/eveilpourpre.ovh\/wp-content\/uploads\/2016\/04\/fee-2.jpg\" alt=\"fee\" width=\"150\" height=\"209\" \/><\/a><\/h2>\n<h2 style=\"padding-left: 120px;\"><strong>\u00a0\u00a0<span style=\"line-height: 1.5em;\">\u00a0V&#8230;italit\u00e9<\/span><\/strong><\/h2>\n<h2 style=\"padding-left: 150px;\"><strong><span style=\"line-height: 1.5em;\">\u00a0 \u00a0 \u00a0 \u00a0 \u00a0E&#8230;quilibre\u00a0<\/span><\/strong><\/h2>\n<h2 style=\"padding-left: 270px;\"><strong><span style=\"line-height: 1.5em;\">\u00a0I&#8230;nspiration<\/span><span style=\"line-height: 1.5em;\">\u00a0 \u00a0 \u00a0<\/span><\/strong><\/h2>\n<h2 style=\"padding-left: 390px;\"><strong><span style=\"line-height: 1.5em;\">L&#8230;ib\u00e9ration<\/span><\/strong><\/h2>\n<p><strong>\u00a0<\/strong><\/p>\n<p class=\"Style8\"><strong>L&rsquo;Association propose des ateliers d&rsquo;art et de cr\u00e9ativit\u00e9, d&rsquo;expressions corporelles et intellectuelles, travaux de rencontre et de communication, de recueillement et de ressourcement.<\/strong><\/p>\n<p><a href=\"https:\/\/eveilpourpre.ovh\/wp-content\/uploads\/2016\/04\/danseuse-2.gif\"><img loading=\"lazy\" decoding=\"async\" class=\"alignright size-medium wp-image-91\" src=\"http:\/\/www.eveilpourpre.ovh\/wp-content\/uploads\/danseuse-149x300.gif\" alt=\"danseuse\" width=\"149\" height=\"300\" \/><\/a><\/p>\n<p><strong><span style=\"text-decoration: underline;\">ATELIERS:<\/span><\/strong><\/p>\n<p>&nbsp;<\/p>\n<p style=\"padding-left: 90px;\"><strong><span style=\"text-decoration: underline;\">d&rsquo;HARMONIE DU CORPS<\/span><\/strong><\/p>\n<p>&nbsp;<\/p>\n<p style=\"padding-left: 270px;\"><strong><span style=\"text-decoration: underline;\">de L&rsquo;ESPRIT<\/span><\/strong><\/p>\n<p>&nbsp;<\/p>\n<p style=\"padding-left: 390px;\"><strong><span style=\"text-decoration: underline;\">de l&rsquo;<\/span><span style=\"text-decoration: underline; line-height: 1.5em;\">\u00c2ME<\/span><\/strong><\/p>\n<p><strong>\u00a0<\/strong><\/p>\n<p>&nbsp;<\/p>\n<p>&nbsp;<\/p>\n<ul>\n<li>YOGA, Gymnastique Holistique, Ta\u00ef\u00a0<a href=\"https:\/\/eveilpourpre.ovh\/wp-content\/uploads\/2016\/04\/lyre-2.gif\"><img loading=\"lazy\" decoding=\"async\" class=\"alignright wp-image-94 size-full\" src=\"https:\/\/eveilpourpre.ovh\/wp-content\/uploads\/2016\/04\/lyre-2.gif\" alt=\"lyre\" width=\"298\" height=\"284\" \/><\/a>Chi<\/li>\n<li>Relaxation, Sophrologie, Hypnose<\/li>\n<li>M\u00e9ditation Zen, Souffle Vital<\/li>\n<li>Danses, Chants, Musiques, Th\u00e9atre, Art Th\u00e9rapie<\/li>\n<li>Dessin, Peinture, Ecriture, Lecture, Po\u00e9sie<\/li>\n<li>Ateliers Sp\u00e9cifiques Adapt\u00e9s aux Personnes Handicap\u00e9es<\/li>\n<li>Ateliers Ecologiques et en Milieu Naturel<\/li>\n<li>D\u00e9couverte des Traditions du Monde, Cuisine et Gastronomie, Oenologie<\/li>\n<li>Equilibre Nutritionnel, Pr\u00e9vention et Hygi\u00e8ne Alimentaire<\/li>\n<li>Expositions, Spectacles, Concerts, Vernissages, Animations<\/li>\n<li>Conf\u00e9rences, S\u00e9minaires, Publications&#8230;<\/li>\n<\/ul>\n<p>&nbsp;<\/p>\n<p class=\"Style8\">Les fonds r\u00e9colt\u00e9s sont mis \u00e0 disposition d&rsquo;actions:<\/p>\n<p style=\"padding-left: 30px;\">Humanitaires et Ecologiques<\/p>\n<p style=\"padding-left: 180px;\">P\u00e9dagogiques et Educatives<\/p>\n<p style=\"padding-left: 330px;\">Culturelles et Artistiques<\/p>\n<p style=\"padding-left: 330px;\">\u00a0 \u00a0 \u00a0 \u00a0 \u00a0 \u00a0 \u00a0 \u00a0 \u00a0 \u00a0 \u00a0 \u00a0 \u00a0Sociologiques et Scientifiques<\/p>\n<p class=\"Style8\" style=\"text-align: center;\" align=\"center\">Cotisations, Adh\u00e9sions, Donations, M\u00e9c\u00e9nats, Subventions, Partenariats, Dons de Bienfaisance, sont les bienvenus.<br \/>\n<span style=\"line-height: 1.5em;\">(Ceci en toute ind\u00e9pendance ni participation politique ou religieuse).<\/span><\/p>\n<p>Les actions bienveillantes des animateurs b\u00e9n\u00e9voles et des membres de l&rsquo; EVEIL sont sans \u00e9quivoque consid\u00e9r\u00e9es \u00e0 titre gracieux, donc enti\u00e8rement gratuites, sans obligation morale autre que pr\u00e9parer et diffuser un avenir transmissible, libre et \u00e9galitaire; pr\u00e9serv\u00e9, beau et sain; meilleur, fraternel et plus heureux.En pr\u00e9ambule:Il a \u00e9t\u00e9 dit que Dieu avait chass\u00e9 Adam et Eve du Paradis Terrestre.Je dis qu&rsquo;Il le leur a confi\u00e9.<\/p>\n<p>La pomme est le fruit de l&rsquo; arbre de la Connaissance, et de l&rsquo;\u00e9volution humaine.<\/p>\n<p>Et conna\u00eetre c&rsquo;est comprendre, puis tol\u00e9rer et aimer.<\/p>\n<p>Il est temps que l&rsquo;humain cesse d&rsquo;\u00eatre un tueur sans discernement et redevienne le protecteur fondamental.<\/p>\n<p>J&rsquo;en appelle \u00e0 votre \u00e2me bienveillante, \u00e0 votre conscience r\u00e9fl\u00e9chie.<\/p>\n<p>Rejoignez-nous, ce que vous prot\u00e9gerez, pour vous et autour de vous, aujourd&rsquo;hui intelligemment vous le transmettrez demain \u00e0 vos enfants. Apr\u00e8s les avoir mis au monde, vous leur offrirez le monde, ce sera un second cadeau de vie, cadeau d&rsquo;amour fondamental amplement r\u00e9ussi.<\/p>\n<p>Un monde fort, pur, pr\u00e9serv\u00e9, empli de vies diverses et de beaut\u00e9, o\u00f9 chaque \u00eatre vivant, chaque animal, chaque fleur, chaque particule se sentira le droit de vivre en harmonie prot\u00e9g\u00e9e.<\/p>\n<p>Ne donnez pas la mort, donnez la vie pour de vrai et votre vie sera justifi\u00e9e.<\/p>\n<p>Faisons que cette terre, cette plan\u00e8te, notre univers soit ou redevienne un Paradis.<\/p>\n<p>Si l&rsquo;humain veut ou doit devenir Dieu, alors qu&rsquo;il le fasse ainsi, en s&rsquo;approchant de la perfection Divine.<\/p>\n<p>Et sauvons vite avant le grand massacre ce que nous ne saurons jamais recr\u00e9er.<\/p>\n<p>Je pose une pomme au milieu de la discorde et du chaos: le fruit de la r\u00e9conciliation&#8230;<\/p>\n","protected":false},"excerpt":{"rendered":"<p>E&#8230;nergie \u00a0\u00a0\u00a0V&#8230;italit\u00e9 \u00a0 \u00a0 \u00a0 \u00a0 \u00a0E&#8230;quilibre\u00a0 \u00a0I&#8230;nspiration\u00a0 \u00a0 \u00a0 L&#8230;ib\u00e9ration \u00a0 L&rsquo;Association propose des ateliers d&rsquo;art et de cr\u00e9ativit\u00e9, d&rsquo;expressions corporelles et intellectuelles, travaux de rencontre et de communication, de recueillement et de ressourcement. ATELIERS: &nbsp; d&rsquo;HARMONIE DU CORPS &nbsp; de L&rsquo;ESPRIT &nbsp; de l&rsquo;\u00c2ME \u00a0 &nbsp; &nbsp; YOGA, Gymnastique Holistique, Ta\u00ef\u00a0Chi Relaxation, Sophrologie, [&hellip;]<\/p>\n","protected":false},"author":2,"featured_media":0,"parent":0,"menu_order":0,"comment_status":"open","ping_status":"open","template":"prod_page_d_e_base.php","meta":{"om_disable_all_campaigns":false,"_monsterinsights_skip_tracking":false,"_monsterinsights_sitenote_active":false,"_monsterinsights_sitenote_note":"","_monsterinsights_sitenote_category":0,"footnotes":""},"class_list":["post-229","page","type-page","status-publish","hentry"],"aioseo_notices":[],"_links":{"self":[{"href":"https:\/\/eveilpourpre.ovh\/index.php\/wp-json\/wp\/v2\/pages\/229","targetHints":{"allow":["GET"]}}],"collection":[{"href":"https:\/\/eveilpourpre.ovh\/index.php\/wp-json\/wp\/v2\/pages"}],"about":[{"href":"https:\/\/eveilpourpre.ovh\/index.php\/wp-json\/wp\/v2\/types\/page"}],"author":[{"embeddable":true,"href":"https:\/\/eveilpourpre.ovh\/index.php\/wp-json\/wp\/v2\/users\/2"}],"replies":[{"embeddable":true,"href":"https:\/\/eveilpourpre.ovh\/index.php\/wp-json\/wp\/v2\/comments?post=229"}],"version-history":[{"count":3,"href":"https:\/\/eveilpourpre.ovh\/index.php\/wp-json\/wp\/v2\/pages\/229\/revisions"}],"predecessor-version":[{"id":299,"href":"https:\/\/eveilpourpre.ovh\/index.php\/wp-json\/wp\/v2\/pages\/229\/revisions\/299"}],"wp:attachment":[{"href":"https:\/\/eveilpourpre.ovh\/index.php\/wp-json\/wp\/v2\/media?parent=229"}],"curies":[{"name":"wp","href":"https:\/\/api.w.org\/{rel}","templated":true}]}}

<h2 style="padding-left: 30px;"><strong><img loading="lazy" decoding="async" class="aligncenter wp-image-127" src="http://www.eveilpourpre.ovh/wp-content/uploads/fée_offrande_sylvestre-300x225.jpg" alt="fee_offrande_sylvestre" width="437" height="328" /></strong></h2>
<h2 style="padding-left: 30px;"></h2>
<h2 style="padding-left: 30px;"></h2>
<h2 style="padding-left: 30px;"><strong>E&#8230;nergie</strong> <a href="https://eveilpourpre.ovh/wp-content/uploads/2016/04/fee-2.jpg"><img loading="lazy" decoding="async" class="alignright wp-image-89" src="https://eveilpourpre.ovh/wp-content/uploads/2016/04/fee-2.jpg" alt="fee" width="150" height="209" /></a></h2>
<h2 style="padding-left: 120px;"><strong>  <span style="line-height: 1.5em;"> V&#8230;italité</span></strong></h2>
<h2 style="padding-left: 150px;"><strong><span style="line-height: 1.5em;">         E&#8230;quilibre </span></strong></h2>
<h2 style="padding-left: 270px;"><strong><span style="line-height: 1.5em;"> I&#8230;nspiration</span><span style="line-height: 1.5em;">     </span></strong></h2>
<h2 style="padding-left: 390px;"><strong><span style="line-height: 1.5em;">L&#8230;ibération</span></strong></h2>
<p><strong> </strong></p>
<p class="Style8"><strong>L&rsquo;Association propose des ateliers d&rsquo;art et de créativité, d&rsquo;expressions corporelles et intellectuelles, travaux de rencontre et de communication, de recueillement et de ressourcement.</strong></p>
<p><a href="https://eveilpourpre.ovh/wp-content/uploads/2016/04/danseuse-2.gif"><img loading="lazy" decoding="async" class="alignright size-medium wp-image-91" src="http://www.eveilpourpre.ovh/wp-content/uploads/danseuse-149x300.gif" alt="danseuse" width="149" height="300" /></a></p>
<p><strong><span style="text-decoration: underline;">ATELIERS:</span></strong></p>
<p>&nbsp;</p>
<p style="padding-left: 90px;"><strong><span style="text-decoration: underline;">d&rsquo;HARMONIE DU CORPS</span></strong></p>
<p>&nbsp;</p>
<p style="padding-left: 270px;"><strong><span style="text-decoration: underline;">de L&rsquo;ESPRIT</span></strong></p>
<p>&nbsp;</p>
<p style="padding-left: 390px;"><strong><span style="text-decoration: underline;">de l&rsquo;</span><span style="text-decoration: underline; line-height: 1.5em;">ÂME</span></strong></p>
<p><strong> </strong></p>
<p>&nbsp;</p>
<p>&nbsp;</p>
<ul>
<li>YOGA, Gymnastique Holistique, Taï <a href="https://eveilpourpre.ovh/wp-content/uploads/2016/04/lyre-2.gif"><img loading="lazy" decoding="async" class="alignright wp-image-94 size-full" src="https://eveilpourpre.ovh/wp-content/uploads/2016/04/lyre-2.gif" alt="lyre" width="298" height="284" /></a>Chi</li>
<li>Relaxation, Sophrologie, Hypnose</li>
<li>Méditation Zen, Souffle Vital</li>
<li>Danses, Chants, Musiques, Théatre, Art Thérapie</li>
<li>Dessin, Peinture, Ecriture, Lecture, Poésie</li>
<li>Ateliers Spécifiques Adaptés aux Personnes Handicapées</li>
<li>Ateliers Ecologiques et en Milieu Naturel</li>
<li>Découverte des Traditions du Monde, Cuisine et Gastronomie, Oenologie</li>
<li>Equilibre Nutritionnel, Prévention et Hygiène Alimentaire</li>
<li>Expositions, Spectacles, Concerts, Vernissages, Animations</li>
<li>Conférences, Séminaires, Publications&#8230;</li>
</ul>
<p>&nbsp;</p>
<p class="Style8">Les fonds récoltés sont mis à disposition d&rsquo;actions:</p>
<p style="padding-left: 30px;">Humanitaires et Ecologiques</p>
<p style="padding-left: 180px;">Pédagogiques et Educatives</p>
<p style="padding-left: 330px;">Culturelles et Artistiques</p>
<p style="padding-left: 330px;">                         Sociologiques et Scientifiques</p>
<p class="Style8" style="text-align: center;" align="center">Cotisations, Adhésions, Donations, Mécénats, Subventions, Partenariats, Dons de Bienfaisance, sont les bienvenus.<br />
<span style="line-height: 1.5em;">(Ceci en toute indépendance ni participation politique ou religieuse).</span></p>
<p>Les actions bienveillantes des animateurs bénévoles et des membres de l&rsquo; EVEIL sont sans équivoque considérées à titre gracieux, donc entièrement gratuites, sans obligation morale autre que préparer et diffuser un avenir transmissible, libre et égalitaire; préservé, beau et sain; meilleur, fraternel et plus heureux.En préambule:Il a été dit que Dieu avait chassé Adam et Eve du Paradis Terrestre.Je dis qu&rsquo;Il le leur a confié.</p>
<p>La pomme est le fruit de l&rsquo; arbre de la Connaissance, et de l&rsquo;évolution humaine.</p>
<p>Et connaître c&rsquo;est comprendre, puis tolérer et aimer.</p>
<p>Il est temps que l&rsquo;humain cesse d&rsquo;être un tueur sans discernement et redevienne le protecteur fondamental.</p>
<p>J&rsquo;en appelle à votre âme bienveillante, à votre conscience réfléchie.</p>
<p>Rejoignez-nous, ce que vous protégerez, pour vous et autour de vous, aujourd&rsquo;hui intelligemment vous le transmettrez demain à vos enfants. Après les avoir mis au monde, vous leur offrirez le monde, ce sera un second cadeau de vie, cadeau d&rsquo;amour fondamental amplement réussi.</p>
<p>Un monde fort, pur, préservé, empli de vies diverses et de beauté, où chaque être vivant, chaque animal, chaque fleur, chaque particule se sentira le droit de vivre en harmonie protégée.</p>
<p>Ne donnez pas la mort, donnez la vie pour de vrai et votre vie sera justifiée.</p>
<p>Faisons que cette terre, cette planète, notre univers soit ou redevienne un Paradis.</p>
<p>Si l&rsquo;humain veut ou doit devenir Dieu, alors qu&rsquo;il le fasse ainsi, en s&rsquo;approchant de la perfection Divine.</p>
<p>Et sauvons vite avant le grand massacre ce que nous ne saurons jamais recréer.</p>
<p>Je pose une pomme au milieu de la discorde et du chaos: le fruit de la réconciliation&#8230;</p>

<p>E&#8230;nergie    V&#8230;italité          E&#8230;quilibre   I&#8230;nspiration      L&#8230;ibération   L&rsquo;Association propose des ateliers d&rsquo;art et de créativité, d&rsquo;expressions corporelles et intellectuelles, travaux de rencontre et de communication, de recueillement et de ressourcement. ATELIERS: &nbsp; d&rsquo;HARMONIE DU CORPS &nbsp; de L&rsquo;ESPRIT &nbsp; de l&rsquo;ÂME   &nbsp; &nbsp; YOGA, Gymnastique Holistique, Taï Chi Relaxation, Sophrologie, [&hellip;]</p>
