{"id":103,"date":"2016-05-19T13:26:54","date_gmt":"2016-05-19T12:26:54","guid":{"rendered":"http:\/\/www.eveilpourpre.org\/?page_id=103"},"modified":"2025-03-19T17:39:34","modified_gmt":"2025-03-19T16:39:34","slug":"reve","status":"publish","type":"page","link":"https:\/\/eveilpourpre.ovh\/index.php\/reve\/","title":{"rendered":"L&rsquo;atelier du r\u00eave"},"content":{"rendered":"<p>\u00ab\u00a0Mettre un peu d\u2019art dans sa vie et un peu de vie dans son art\u00a0\u00bb .<\/p>\n<p>Un vendredi soir par mois , d\u00e8s 20 heures , nous vous proposons un condens\u00e9 cr\u00e9atif passionnant qui associe l\u2019expression artistique du r\u00eave \u00e0 travers leur symbolique et leur analyse .<\/p>\n<p>Il s\u2019agit du pouvoir cr\u00e9ateur et lib\u00e9rateur de la parole appliqu\u00e9 dans l\u2019art .<\/p>\n<p>Pour vous accompagner dans cette d\u00e9marche des profondeurs\u00a0:<\/p>\n<p><strong><u>C\u00e9line<\/u><\/strong> , animatrice et artiste , vous guide dans la r\u00e9alisation picturale , graphique , dessin , peinture , collage , mandalas , modelage , sculpture , argile , etc \u2026<\/p>\n<p>A partir de vos r\u00eaves , elle ouvre un espace de libert\u00e9 , o\u00f9 l\u2019\u00e9nergie et l\u2019\u00e9motion s\u2019expriment , donnant libre cours \u00e0 votre inconscient psych\u00e9d\u00e9lique m\u00e9moris\u00e9 , dans l\u2019abandon de vos r\u00e9sistances par le l\u00e2cher-prise issu de l\u2019instant cr\u00e9atif .<\/p>\n<p>L\u2019utilisation th\u00e9rapeutique des couleurs , notamment gr\u00e2ce \u00e0 leurs vibrations , a des effets sur la physiologie en fonction des exp\u00e9riences et des souvenirs associ\u00e9s , \u00e0 savoir des propri\u00e9t\u00e9s s\u00e9datives , calmantes , ou tonifiantes et stimulantes .<\/p>\n<p>En fonction des besoins de chacun , la chromoth\u00e9rapie vibratoire r\u00e9harmonise les \u00e9nergies du \u00a0corps , de l\u2019esprit , de l\u2019\u00e2me .<\/p>\n<p>Accompagnement soit dans le silence , soit sur fond de rythmes musicaux dont on conna\u00eet les vertus intensifi\u00e9es de r\u00e9ceptivit\u00e9 et l\u2019\u00e9nergie d\u2019inspiration servant de base \u00e0 l\u2019expression artistique .<\/p>\n<p>&nbsp;<\/p>\n<p>A ses c\u00f4t\u00e9s\u00a0:<\/p>\n<p><strong><u>Diane<\/u><\/strong> est votre psychanalyste et votre vecteur de paroles\u00a0.<\/p>\n<p>Elle s\u2019emploie \u00e0 vous permettre de comprendre ce qu\u2019il convient de regarder \u00e0 l\u2019int\u00e9rieur de vous , de vos r\u00eaves , de leurs messages , afin de d\u00e9couvrir les forces vives\u00a0 d\u2019auto-gu\u00e9rison et de transformation , le processus dynamique de transformation de la personnalit\u00e9 .<\/p>\n<p>Faire la lumi\u00e8re \u00e9galement sur votre int\u00e9gration m\u00e9morielle , c\u2019est \u2013 \u00e0 \u2013 dire , votre m\u00e9moire karmique apparaissant dans votre psych\u00e9 , afin d\u2019en lib\u00e9rer le vrai potentiel .<\/p>\n<p>Faire la lumi\u00e8re sur les r\u00eaves pr\u00e9monitoires , et leurs guidances .<\/p>\n<p>Faire la lumi\u00e8re sur les messages , les pr\u00e9sences av\u00e9r\u00e9es des \u00eatres de lumi\u00e8re , qui de l\u2019au-del\u00e0\u00a0 se manifestent \u00e0 vous , vous parlent et vous prot\u00e8gent .<\/p>\n<p>Partir de l\u2019association libre du r\u00eave , d\u00e9couvrir la logique rationnelle de l\u2019inconscient , aboutir \u00e0 la communication du possible , vers une meilleure connaissance de soi .<\/p>\n<p>Parole \u00e0 l\u2019\u00e9motion .<\/p>\n<p>La v\u00e9rit\u00e9 cod\u00e9e se d\u00e9code .<\/p>\n<p>L\u2019analyse des r\u00eaves aboutit \u00e0 une sorte de renaissance int\u00e9rieure .<\/p>\n<p>&nbsp;<\/p>\n<p><em>\u00ab\u00a0La pratique m\u00e9dicale est un art et il faut en dire autant de l\u2019analyse .<\/em><\/p>\n<p><em>L\u2019art v\u00e9ritable est cr\u00e9ateur et ce qui cr\u00e9e est au-del\u00e0 de toute th\u00e9orie .<\/em><\/p>\n<p><em>C\u2019est pourquoi je dis \u00e0 tout d\u00e9butant\u00a0:<\/em><\/p>\n<p><em>Apprenez les th\u00e9ories aussi bien que vous le pourrez , mais laissez-les de c\u00f4t\u00e9 d\u00e8s que vous toucherez les merveilles de l\u2019\u00e2me vivante .<\/em><\/p>\n<p><em>Ce ne sont pas les th\u00e9ories mais votre personnalit\u00e9 cr\u00e9atrice qui sera d\u00e9cisive\u00a0\u00bb<\/em> .<\/p>\n<p><strong><u>CARL\u00a0 GUSTAV\u00a0 JUNG <\/u><\/strong><\/p>\n<p>&nbsp;<\/p>\n<p>Vous composerez ainsi \u00e0 loisirs , au rythme des lumi\u00e8res de vos r\u00eaves , une sorte de livret ou de carnet intime , riche et intense , structur\u00e9 , sans jugement .<\/p>\n<p>Une part non n\u00e9gligeable de l\u2019essentiel de votre existence \u00e0 travers vos visions et leurs r\u00e9v\u00e9lations , comme une direction plus large et plus pr\u00e9cise d\u00e9sign\u00e9e \u00e0 votre vie .<\/p>\n<p>Comme un accompagnement de d\u00e9but de vie vers l\u2019infini \u2026<\/p>\n<p>Du r\u00eave \u2026\u00e0 la r\u00e9alit\u00e9 .<\/p>\n<p>&nbsp;<\/p>\n<p>Spirituellement bien \u00e0 Vous , Diane .<\/p>\n<p>Cr\u00e9\u00e9 au cours de l\u2019ann\u00e9e 2007 , l\u2019<strong>\u00ab\u00a0Atelier du R\u00eave\u00a0\u00bb<\/strong> est propos\u00e9 au tarif ponctuel de\u00a0: 15 Euros .<\/p>\n<p>Il est ouvert aux grands comme aux petits\u00a0; nulle condition n\u2019est requise , ni talent , ni connaissance particuli\u00e8re si ce n\u2019est l\u2019envie toute simple de comprendre et de s\u2019exprimer .<\/p>\n<p>&nbsp;<\/p>\n<p>L\u2019adh\u00e9sion \u00e0\u00a0\u00a0 <strong><u>l\u2019Association\u00a0 \u00ab\u00a0L\u2019Eveil Pourpre\u00a0\u00bb\u00a0 et les Ateliers\u00a0 \u00ab\u00a0Reliance\u00a0\u00bb <\/u><\/strong>\u00a0est au tarif annuel de\u00a045 Euros.<\/p>\n","protected":false},"excerpt":{"rendered":"<p>\u00ab\u00a0Mettre un peu d\u2019art dans sa vie et un peu de vie dans son art\u00a0\u00bb . Un vendredi soir par mois , d\u00e8s 20 heures , nous vous proposons un condens\u00e9 cr\u00e9atif passionnant qui associe l\u2019expression artistique du r\u00eave \u00e0 travers leur symbolique et leur analyse . Il s\u2019agit du pouvoir cr\u00e9ateur et lib\u00e9rateur de [&hellip;]<\/p>\n","protected":false},"author":2,"featured_media":0,"parent":0,"menu_order":0,"comment_status":"closed","ping_status":"closed","template":"prod_page_d_e_base.php","meta":{"om_disable_all_campaigns":false,"_monsterinsights_skip_tracking":false,"_monsterinsights_sitenote_active":false,"_monsterinsights_sitenote_note":"","_monsterinsights_sitenote_category":0,"footnotes":""},"class_list":["post-103","page","type-page","status-publish","hentry"],"aioseo_notices":[],"_links":{"self":[{"href":"https:\/\/eveilpourpre.ovh\/index.php\/wp-json\/wp\/v2\/pages\/103","targetHints":{"allow":["GET"]}}],"collection":[{"href":"https:\/\/eveilpourpre.ovh\/index.php\/wp-json\/wp\/v2\/pages"}],"about":[{"href":"https:\/\/eveilpourpre.ovh\/index.php\/wp-json\/wp\/v2\/types\/page"}],"author":[{"embeddable":true,"href":"https:\/\/eveilpourpre.ovh\/index.php\/wp-json\/wp\/v2\/users\/2"}],"replies":[{"embeddable":true,"href":"https:\/\/eveilpourpre.ovh\/index.php\/wp-json\/wp\/v2\/comments?post=103"}],"version-history":[{"count":1,"href":"https:\/\/eveilpourpre.ovh\/index.php\/wp-json\/wp\/v2\/pages\/103\/revisions"}],"predecessor-version":[{"id":320,"href":"https:\/\/eveilpourpre.ovh\/index.php\/wp-json\/wp\/v2\/pages\/103\/revisions\/320"}],"wp:attachment":[{"href":"https:\/\/eveilpourpre.ovh\/index.php\/wp-json\/wp\/v2\/media?parent=103"}],"curies":[{"name":"wp","href":"https:\/\/api.w.org\/{rel}","templated":true}]}}